7*c**2 + 9*c + 2. Let l be b(8). What is the highest common divisor of l and 40?
10
Let g(i) = i + 37. Let p be g(-25). Calculate the highest common factor of p and 156.
12
Let o = 17 - -49. Suppose 4*c - o = 2*j - 2, -4*c = -4*j - 64. Calculate the greatest common factor of 4 and c.
4
Let q be 9/3 - -1*7. What is the highest common factor of q and 5?
5
Suppose l + 0 = 7. Suppose 2*o + l = 35. What is the highest common factor of o and 7?
7
Suppose 4*m - 19 + 3 = 0. Calculate the highest common factor of 4 and m.
4
Let j(q) = -5*q**2 + q. Let i be j(-1). Let p be (-30)/(-2) + (i - -3). Calculate the highest common divisor of 12 and p.
12
Let d be (-36)/48 - 67/(-4). Suppose -d = 8*h - 176. What is the highest common factor of 4 and h?
4
Suppose -5*v + 4*g + 28 = 0, -2*v + 2*g + g + 14 = 0. Let o(r) = 2*r**2 - 2*r - 3. Let j be o(v). What is the highest common factor of j and 7?
7
Suppose -3*q + 55 = 16. Calculate the highest common factor of 130 and q.
13
Let o be 1971/99 + (-1)/(-11). Calculate the greatest common divisor of o and 180.
20
Let a(r) be the third derivative of 1/3*r**4 - 2/3*r**3 + 0 + r**2 + 0*r. Let u be a(4). Calculate the greatest common divisor of u and 7.
7
Let f(q) = -q + 18. Let k be f(-10). Let c = -30 + 72. What is the greatest common factor of c and k?
14
Suppose -5*t - 54 = -8*t. Let u be (2/(-2))/((-3)/18). Calculate the highest common divisor of t and u.
6
Let n(h) = 5*h. Let y be n(3). Let c(d) = -d - 4. Let i be c(-7). Suppose -u + i*t + 25 = 0, -u + 15 = u + t. What is the highest common factor of y and u?
5
Suppose 60 = 7*y - 52. Suppose -3*x + 24 = -2*h, 0 = 5*x - 0*h + 4*h - 40. What is the highest common divisor of y and x?
8
Let p(g) = g**3 + 9*g**2 - 3*g + 11. Let z be p(-8). What is the highest common divisor of 9 and z?
9
Let b = 25 - 7. Calculate the greatest common divisor of 45 and b.
9
Let k be 1*(5 - (1 + -3)). Calculate the greatest common factor of k and 14.
7
Let w = -1 + 5. Suppose w*g - 14 = 34. Calculate the highest common divisor of 30 and g.
6
Let u = -255 + 387. What is the highest common divisor of 24 and u?
12
Suppose 3*r = -3*u + 219, -r - 4*r - 265 = -4*u. Let s be 1/(-4) - (-113)/4. Calculate the highest common divisor of s and u.
14
Suppose 4*b - 2 = 3*b, -4*b = 5*y - 38. Calculate the greatest common divisor of y and 6.
6
Let y be (39/3)/(2/4). Suppose 2*q + s + 0*s - y = 0, s + 34 = 3*q. Let u be 62*1 + (-5 - -3). What is the greatest common factor of u and q?
12
Let x be (-7)/(1*1/(-11)). Suppose 4*s - 65 + 21 = 0. Calculate the highest common factor of s and x.
11
Let y be (-1 - (0 + 2)) + 0. Let x = 1 - y. Suppose l + 3*l - 612 = -u, 4*l - 632 = x*u. What is the highest common divisor of l and 22?
22
Let s = -4 + -3. Let l(z) = -4*z - 8. Let u be l(s). Let g be 5 + (4 - 2 - 2). Calculate the highest common factor of u and g.
5
Suppose 0 = 5*m + 2*n - 1125, 4*m + 225 = 5*m - 2*n. Calculate the greatest common factor of 90 and m.
45
Let h(z) = z**3 - z**3 - z**3 - 3*z + 10*z**2 + 7. Let m be h(7). Let f be (0 - -5 - 5) + 19. What is the highest common factor of m and f?
19
Let l = 6 - -30. Let q be ((-2)/5)/(1/(-5)). Let z = 2 + q. What is the greatest common divisor of z and l?
4
Suppose 4*a - 80 = 4*b, 2*b - b - 80 = -3*a. Calculate the highest common divisor of 10 and a.
5
Let m(n) = -n**2 - 4*n + 5. Let y be m(-4). Let q = y + -3. Calculate the greatest common factor of 4 and q.
2
Let f be 1/(-4) + (-924)/(-48). What is the greatest common factor of 171 and f?
19
Let b(k) = -10*k - 2. Let r be b(-5). Suppose -16 = -3*a + 2. What is the greatest common divisor of r and a?
6
Let c(i) = -i**2 + 31*i + 57. Let l be c(27). Suppose -2*u + 22 = -8. What is the highest common factor of u and l?
15
Let n = -57 + 118. Calculate the highest common factor of 122 and n.
61
Suppose -5*c - x + 65 = 0, -3*c + 8*c - x = 75. Let m = -13 + c. What is the greatest common factor of 2 and m?
1
Suppose 0 = -g + 5 - 2. Let p = -5 - -1. Let l = p - -6. Calculate the highest common divisor of g and l.
1
Suppose -145 = -5*c + 260. Suppose -19 = 4*t - 55. What is the highest common factor of c and t?
9
Suppose 0 = -y + 5*y + 4*n - 100, -5*y + n = -101. What is the highest common divisor of 3 and y?
3
Let p(x) = 2*x - 3. Let t be 4 - 2/4*4. Let r be p(t). Let i be -40*(r - 17/5). What is the greatest common divisor of 12 and i?
12
Suppose 0 = 4*s + 2*a - 2, a - 5 = -4*s + 2*a. Let o be (-1)/3 + s/3. Suppose o = -7*u + 2*u + 140. Calculate the greatest common divisor of 42 and u.
14
Let m(l) = 11*l - 1. Let s be m(2). What is the highest common divisor of 231 and s?
21
Suppose 3*n = 7*n - r - 46, -2*r = 4. What is the greatest common factor of n and 55?
11
Let p(l) = -2*l - 4*l - 5*l - 3 - l**2. Let x(j) = j**3 - 4*j**2 - 8*j + 5. Let m be x(5). Let r be p(m). Calculate the greatest common divisor of r and 1.
1
Suppose -442 = -10*m + 198. What is the highest common divisor of 24 and m?
8
Let h = -6 - -11. Suppose 0 = -4*x + r + 100 - 28, -h*r = 2*x - 14. Calculate the greatest common divisor of x and 187.
17
Suppose -4*z = -3*u - 201, -3*z = 5*u - 2*u - 135. Let k = 17 + -11. Calculate the highest common factor of z and k.
6
Suppose 10 = s + x - 5*x, s - 10 = -2*x. What is the greatest common divisor of s and 30?
10
Suppose 25 = -2*l + 5*l + 5*a, -8 = -4*a. Let j(m) = -m + 8. Let d be j(l). Let w be ((-10)/3)/(d/(-9)). What is the highest common divisor of 80 and w?
10
Suppose 2*o = u - 1, 0 - 7 = -2*u + 5*o. Let v(j) = -j + j**2 - 2*j**2 + 9 + 2*j**2. Let c be v(u). What is the highest common divisor of 9 and c?
9
Suppose 6*i - i = -4*o + 40, 0 = -3*i + 4*o - 8. Suppose 3*n = 4*c + 5*n - 48, i*n = 0. Calculate the greatest common factor of c and 4.
4
Let m be (364/65)/((-2)/(-5)). What is the highest common divisor of 126 and m?
14
Let y be ((-20)/(-70) - 4/14) + 208. What is the highest common divisor of 26 and y?
26
Let z = -19 - -35. Suppose -4*p = 4*q + z, -3*q = 5*p + 4 + 4. Let i be (-12)/4*154/q. Calculate the greatest common divisor of i and 11.
11
Suppose -3*f = -3*b + 42, -b + 2*f + 26 = 10. What is the greatest common divisor of 132 and b?
12
Let s = -27 - -37. What is the highest common divisor of 70 and s?
10
Suppose 3*x - 5 = -f, -5*x + f + 14 = -5. Suppose 6 = -x*q + 336. Suppose 2*r - 4*r = -q. Calculate the highest common divisor of 22 and r.
11
Suppose 2*v = v. Let s be 7 + 0 - (3 + -1). Suppose 0 = -3*j + 3*u - 6, v*u - 13 = 4*j - s*u. Calculate the greatest common factor of 12 and j.
3
Let a = 134 - 125. Calculate the greatest common factor of 18 and a.
9
Let d(k) = 5*k**2 - k**2 - 11*k + 5*k - 2*k**2. Let b be d(4). What is the greatest common factor of b and 32?
8
Suppose f - 3*f = -38. Calculate the highest common factor of 38 and f.
19
Let s be (-1)/((8/36)/(-2)). What is the highest common divisor of s and 1?
1
Suppose 3*w + 12 + 52 = 2*n, 0 = -4*n + 5*w + 128. What is the greatest common factor of n and 288?
32
Let o be 44/7 - 2/7. Suppose o*v = v - p + 206, 3*p = 4*v - 180. Let f = -26 - -54. Calculate the greatest common divisor of v and f.
14
Let p = 0 + -1. Let q(z) be the second derivative of -z**3/2 + z**2/2 - 2*z. Let g be q(p). What is the greatest common divisor of 32 and g?
4
Let h be 11*4*(-2)/(-4). Calculate the greatest common divisor of 88 and h.
22
Let v be (-1)/((-2)/(-112)) + 0. Let i be (v/10)/(1/(-5)). Calculate the greatest common factor of 14 and i.
14
Let o be (-2)/2 + 0 - -3. Suppose -o*h + 0*h = 0. Suppose h = -3*q + 5*q - 18. Calculate the highest common divisor of 36 and q.
9
Let q = -122 + 167. Let p = 17 + -12. Let c be (-2)/p + 47/5. What is the greatest common divisor of c and q?
9
Suppose -5*i - 45 = -130. Let f be i*(1 + 0/(-1)). Calculate the greatest common factor of f and 68.
17
Let b = -106 + 150. What is the highest common factor of b and 110?
22
Let a = 28 - -82. What is the greatest common divisor of 10 and a?
10
Suppose -3*f - 5*s + 120 = 0, s = -5*f + 25 + 197. Let i be (4/10)/((-3)/(-15)). Let x = 20 - i. Calculate the greatest common divisor of x and f.
9
Let g be (-1)/((-1)/44) + -12 + 12. Calculate the greatest common divisor of 4 and g.
4
Let r(k) be the third derivative of 7/6*k**4 + 7/6*k**3 + 0 + 0*k + k**2. Let v be r(5). What